Calculate n(2).
-6
Suppose 3*y = 8*y + 15. Let g(q) = q**3 + 4*q**2 + 4*q + 1. Determine g(y).
-2
Let g(j) = j**3 - 7*j**2 + 6*j - 4. Let q(v) = 4*v - 2. Suppose 0 = -2*c - c - 4*s + 22, 0 = -5*c - 4*s + 26. Let f be q(c). Determine g(f).
-4
Let b(u) = -2*u + 3. Let h be 6 - (-3)/(9/6). Suppose h = q - 2*n + 2, -4*n = 2*q + 20. Let v be -1 + q/(-4)*10. Determine b(v).
-5
Let a(q) = 4*q**3 + q**2 + q + 1. Let b(l) = -l**2 + l - 1. Let m be b(0). What is a(m)?
-3
Let v(b) = -5 + 2*b + 3 + 0*b. Let z be v(3). Suppose d = 3*r - 3, 4*d - 3*r - r = z. Let u(h) = 2*h + 2. What is u(d)?
8
Suppose -2*z + 7 = -5. Let w(q) = -q**2 + 6*q - 2*q**3 - z*q**2 - q**3 + 6 + 4*q**3. Determine w(6).
6
Let o(p) = -p**2 - 7*p - 8. Let y(b) = -6*b**2 + b + 1. Let k be y(-1). Calculate o(k).
-2
Let a(m) = m**3 - 5*m**2 + 2*m + 1. Suppose 14 = 5*q - 4*i, -4*q = 2*i - i - 7. Suppose 0 = 2*n + q*z - 2, -5*z - 38 + 15 = -2*n. What is a(n)?
-7
Let a(y) = -y + 4*y + 0 + 4. Let v be 2/(-9) + 168/27. Let u be (-2 + 1)*v/2. Calculate a(u).
-5
Suppose -o + 12 = -5*o. Let f(p) be the second derivative of -p**5/20 - 5*p**4/12 - p**3/3 + p**2/2 + 7*p. What is f(o)?
-11
Suppose 10 = -f - 4*d, -2*d - 14 = -2*f - 2*f. Let y(s) = -2*s**3 + 237*s**2 - 2 + 3 + 0*s**3 - 236*s**2. Give y(f).
-11
Let l(z) = -z**3 - 3*z**2 + 4*z - 2. Let g(t) = -t + 1. Let s be g(-1). Let x = -2 - s. Give l(x).
-2
Let p(j) be the second derivative of -3*j - 1/60*j**5 + 0 - 1/2*j**2 + 1/6*j**3 + 0*j**4. Let n(k) be the first derivative of p(k). Give n(-1).
0
Let f(a) = -14*a**3 + a**2 - 24*a - 9. Let c(o) = -5*o**3 - 8*o - 3. Let v = 9 + -15. Let p(b) = v*f(b) + 17*c(b). What is p(-7)?
-4
Let o(f) = -f**3 - f**2 + f - 1. Let w(j) = 2*j**3 - 5*j**2 - 2*j + 5. Let y(n) = -o(n) - w(n). Give y(6).
2
Let q(h) = 5*h**2 + h. Let r be q(-1). Let d(i) = -i + 1. Let w(l) = 2*l - 5. Let s(k) = -d(k) + w(k). What is s(r)?
6
Let k(g) = 1 + 10*g + 5*g**2 + 0 - g**2 + 5. Let b(j) = 9*j**2 + 21*j + 12. Let r(u) = -3*b(u) + 7*k(u). Determine r(-4).
-6
Let a be (-54)/(-10) - (-6)/(-15). Suppose 20 = 4*q + 3*x + 5, 5*q + a*x - 15 = 0. Let z(k) = -k**3 + 5*k**2 + 6*k. Give z(q).
0
Suppose 0 = -3*w - 4*w - 35. Let s(k) = -2*k - 1. Calculate s(w).
9
Let v(g) = -g**2 - g. Let c(f) = 4*f**2 + 14*f + 11. Let n(s) = -c(s) - 3*v(s). Calculate n(-9).
7
Let x be 2 + 1 + (-14 - 3). Let g be ((-6)/(-7))/(2/x). Let i = g + 1. Let o(n) = n**3 + 6*n**2 + 6*n + 5. Determine o(i).
0
Let s(x) = -x**3 + 6*x**2 - 6*x - 1. Let l = -79 - -84. Determine s(l).
-6
Let w(s) be the second derivative of 0 - 1/2*s**3 - 2*s - 1/12*s**4 - s**2. Suppose 0 = -0*o - 4*o - 8. Calculate w(o).
0
Suppose 2*f = -f + 18. Let u(t) = 3*t + 3. Let a(n) = 4*n + 2. Let s(y) = -4*a(y) + 5*u(y). Calculate s(f).
1
Let n(q) = -2*q**2 + 8*q - 7. Let y be 9/(-12) + 92/16. Calculate n(y).
-17
Let g(m) be the third derivative of -m**5/60 - m**4/12 + m**3/3 + 10*m**2. What is g(2)?
-6
Let d(o) = 3*o + 22. Let y(u) = 2*u + 15. Let b(n) = 5*d(n) - 7*y(n). Calculate b(-5).
0
Let i(c) = -c**2 + c. Let n(f) = -f**2 + 6 - 7*f + 3 - 1. Let k be n(-8). Give i(k).
0
Let b(i) be the second derivative of -1/20*i**5 + 1/2*i**2 + 0 - 4*i - 5/12*i**4 - 1/3*i**3. Calculate b(-2).
-7
Let w(j) = -j**3 + 8*j**2 + 10*j - 10. Let p(m) = m - 8. Let n be p(17). Give w(n).
-1
Let o(v) be the third derivative of v**5/60 - v**4/8 - 2*v**3/3 - v**2. Let y = -186 - -189. Determine o(y).
-4
Let a(i) = 7*i**2 - 13*i + 2. Let g(o) = -20*o**2 + 38*o - 7. Let u(x) = -17*a(x) - 6*g(x). Give u(6).
2
Let x(p) = p + 7. Suppose 0 = -5*m - 42 + 12. Let v be x(m). Let q(k) = v + 0*k**2 + 8*k**2 + 0*k**2 + k. Determine q(-1).
8
Let r be 1/(14/(-6) + 2). Let d(m) be the third derivative of m**6/120 + m**5/12 + 5*m**4/24 + m**3/3 - 5*m**2. Calculate d(r).
5
Let i(h) = -2*h - 3. Suppose 2*q = 4*a + 7*q + 15, 5*q - 30 = 5*a. Give i(a).
7
Suppose 0*c + 20 = 4*c. Suppose -z + l + 2 = c*l, l = 4*z - 8. Suppose -26 = -2*a + z*u - 10, 0 = u + 4. Let s(w) = w**3 - 4*w**2 + 3*w - 4. Determine s(a).
8
Let d(w) = -w + 1. Let b be d(-2). Let u be (3 - 1) + 1*b. Let x(o) be the second derivative of -o**4/12 + 5*o**3/6 - 3*o**2/2 + 2*o. Determine x(u).
-3
Let m(v) = 3*v**3 + v**2 - v - 2. Let s be m(2). Let o be s/9 - 4/6. Let j(k) = k**2 - k. Give j(o).
2
Let v be 5/(-15)*-15*-1*-1. Let j(y) = y**3 + 2*y**2 - 11*y - 1. Let s(d) = -2*d**3 - 3*d**2 + 21*d + 2. Let t(m) = -11*j(m) - 6*s(m). What is t(v)?
-1
Let w(r) = -3*r + 19. Let x be w(6). Let a(d) = -4*d - 1. What is a(x)?
-5
Let b(j) = -17*j**3 - 14*j - 11. Suppose -4*n - 36 = -2*h, -7*n + 2*n = 2*h + 9. Let z(f) = 11*f**3 + 9*f + 7. Let r(w) = h*z(w) + 5*b(w). Determine r(-1).
-4
Let l(g) = 2*g - 3. Let x(v) = 5*v - 10. Let f be x(3). Determine l(f).
7
Let f(q) = -q**3 - q**2 - q - 5. Let g be (0/4)/((-2)/(-1)). Give f(g).
-5
Suppose -3*g = -4*q + 2, g - 21 = -0*g - 3*q. Let n(z) = z - 6. What is n(g)?
0
Let u(x) be the third derivative of x**7/840 - x**6/120 + x**5/60 - x**3/2 + 8*x**2. Let j(m) be the first derivative of u(m). Determine j(3).
6
Let t(l) = l**2 - l - 1. Let y(b) = b**2 - 7*b - 7. Let j(h) = 2*t(h) - y(h). Determine j(-4).
1
Suppose -j - j + 4 = 0, 4*z = -j + 10. Let i(r) be the first derivative of -r**2 + 2*r - r**z + 0 + 2 + 3*r**2. What is i(2)?
6
Let r(t) = t + 6. Let o(k) = 3*k**2 + 38*k + 20. Let j be o(-12). Determine r(j).
2
Suppose 3 = 4*j + 3*u - 5, 0 = 5*u. Let g(w) be the second derivative of w - 1/20*w**5 + 1/12*w**4 + 0*w**3 - w**j + 0. Calculate g(-2).
10
Let h be 11 + -4 - (2 + -1). Let t(c) be the third derivative of -1/6*c**3 + 0 - 5*c**2 - 1/12*c**5 + 1/120*c**6 - 7/24*c**4 + 0*c. Calculate t(h).
-7
Let g = 91 + -85. Let x(m) = -m**2 - 1 + 1 + 5 + 2 + 2*m. Give x(g).
-17
Let v = 25 + -23. Let d be v + -5 - 2 - 0. Let h(b) = -3*b - 7. What is h(d)?
8
Suppose 5*y - 5 = -20. Let q be (4/10)/((-1)/(-5)). Let w(o) = -o**q + 2*o**2 - 5*o - 4 - 2*o**2. What is w(y)?
2
Let a(b) = -b**2 + 4*b + 7. Let i be a(6). Let m = 2 - i. Let k(z) = m + 0 - 2*z**2 + 2*z - 6. What is k(-2)?
-11
Let f(n) = n - 3. Let y be ((-18)/(-27))/((-15)/(-36))*5. Determine f(y).
5
Suppose 5*h - y - 25 = 4*y, -9 = -3*h + y. Suppose 5*a + 70 = 5*j, -h*j + a + 23 = -0*a. Let r(s) = 1 + j*s**3 - s**2 - s - 3*s**3 + s**3. Determine r(1).
6
Let r = 95 - 96. Let g(t) = 6*t**3 + t. Give g(r).
-7
Let d(z) = -10*z**3 + 7*z**2 - 4*z - 3. Let w(g) = 3*g**3 - 2*g**2 + g + 1. Let k(v) = -2*d(v) - 7*w(v). Determine k(0).
-1
Let a(l) = -11*l + 2. Let v(c) = c - 2. Let i be v(3). Let w(o) = 3 + 10*o - 3 - i. Let h(g) = 2*a(g) + 3*w(g). Calculate h(1).
9
Let q(o) = -o**3 + 3*o**2 - 5*o + 11. Let t be q(3). Let d(m) = 7*m + 3. Calculate d(t).
-25
Let k be 28/(-8)*(-4)/7. Let r(o) = -5 + 3 + k*o**2 + 4*o - o**2. Let t be 3/12 - 34/8. What is r(t)?
-2
Let c = -3 + 5. Let y be (-3)/18*c*0. Suppose y = i - 4*b - 7, 0 = i - 0*b + 3*b. Let l(s) = s + 2. Determine l(i).
5
Let o(w) = -w**3 - w**2 + 2*w + 1. Let a be (-1 + -2 - 1) + 2. Calculate o(a).
1
Let j(r) be the third derivative of 0 + 1/3*r**3 + 0*r - r**2 - 5/24*r**4 - 1/30*r**5. Calculate j(-4).
-10
Let l(w) = 3*w**3 - w**2 + w + 8. Let r(b) = -b**3 + b**2 - b - 4. Suppose 0 = 7*u - 2*u - 10. Let d(h) = u*l(h) + 5*r(h). Calculate d(-3).
5
Let n(g) = -g**3 - 3*g - g - 3*g + 3 - g**2. Let z(u) = u**3 + 8*u - 3. Let a(m) = 5*n(m) + 4*z(m). Let h(b) = -b - 6. Let w be h(-3). What is a(w)?
-6
Let v(s) = s**2 - 5*s. Suppose 2*n = 3*t + 6, 5*n - 15 = 4*t + t. Let f be (3/2)/((-6)/(-8)). Suppose t = f*p - p - 4. Calculate v(p).
-4
Let v(p) be the third derivative of p**8/10080 + p**7/1260 + p**5/15 + 3*p**2. Let g(i) be the third derivative of v(i). Give g(-3).
6
Let x(a) = 3*a - 3*a + 0*a**3 - 6*a**3 - a. Determine x(1).
-7
Let y(h) be the second derivative of -3*h**5/10 + h**4/12 + h**3/3 + h**2/2 - 5*h. Give y(-1).
6
Let j(a) = a**3 + 7*a**2 + 8*a + 7. Suppose -12 = 3*f, -5*x - 2*f - 42 = f. Let s be j(x). Let v(m) = 6*m**2 + 2*m**3 + 3 - 3*m**3 + 2*m**3 + 6*m. Give v(s).
-2
Let j(f) = 4*f**2 + f. Let p be j(-1). Let k(z) = z**2 - 5*z**2 - 8*z - 4 + 3*z**2 - p. Give k(-5).
8
Let z(c) be the first derivative of -c**3/3 + 5*c**2/2 - 7*c - 2. Calculate z(5).
-7
Let l(t) = -t**2 + 2. Let d(x) = x**2 + 4*x - 5. Let k be d(-7). Suppose -s - s = y + 1